{"id":863,"date":"2025-02-17T14:08:20","date_gmt":"2025-02-17T13:08:20","guid":{"rendered":"https:\/\/www.ecomusee-bresse71.fr\/musee-patrimoine-bresse-bourgogne-71\/"},"modified":"2025-06-19T11:48:26","modified_gmt":"2025-06-19T09:48:26","slug":"musee-patrimoine-bresse-bourgogne-71","status":"publish","type":"page","link":"https:\/\/www.ecomusee-bresse71.fr\/en\/ecomusee\/musee-patrimoine-bresse-bourgogne-71\/","title":{"rendered":"Un \u00e9comus\u00e9e, c&#8217;est quoi ?"},"content":{"rendered":"\n<div class=\"wp-block-columns are-vertically-aligned-center is-layout-flex wp-container-core-columns-is-layout-1 wp-block-columns-is-layout-flex\">\n<div class=\"wp-block-column is-vertically-aligned-center is-layout-flow wp-block-column-is-layout-flow\">\n<h2 class=\"wp-block-heading\">Mais au fait, un \u00e9comus\u00e9e, c&#8217;est quoi ?<\/h2>\n\n\n\n<p>L\u2019apparition du terme \u00ab\u00a0<strong>\u00e9comus\u00e9e\u00a0<\/strong>\u00bb en <strong>France <\/strong>est \u00e9troitement li\u00e9e aux transformations de la soci\u00e9t\u00e9 dans les ann\u00e9es <strong>1960-1970<\/strong>. Cette p\u00e9riode est marqu\u00e9e par une volont\u00e9 de renouveler profond\u00e9ment les <strong>mus\u00e9es<\/strong> de l\u2019\u00e9poque et de red\u00e9finir son rapport avec les publics.<\/p>\n<\/div>\n\n\n\n<div class=\"wp-block-column is-vertically-aligned-center is-layout-flow wp-block-column-is-layout-flow\">\n<figure class=\"wp-block-image size-large\"><img loading=\"lazy\" decoding=\"async\" width=\"1024\" height=\"683\" src=\"https:\/\/www.ecomusee-bresse71.fr\/contenu\/uploads\/2025\/03\/chateau-pierre-bresse-ecomusee-publigo-quentin-danel-102-1024x683.jpg\" alt=\"\" class=\"wp-image-444\"\/><\/figure>\n<\/div>\n<\/div>\n\n\n\n<h3 class=\"wp-block-heading\">Une approche interdisciplinaire au service du patrimoine vivant<\/h3>\n\n\n\n<p>L&#8217;approche qui \u00e9merge alors consiste \u00e0 repr\u00e9senter l\u2019Homme dans le temps et dans son milieu, qu\u2019il soit naturel, industriel, rural ou urbain \u00e0 travers des points de vue interdisciplinaires. Le r\u00f4le des <strong>\u00e9comus\u00e9es <\/strong>est multiple\u00a0: <strong>f\u00e9d\u00e9rer localement<\/strong> la population autour d&#8217;un projet, transformer les habitants en acteurs et usagers de leur propre patrimoine, d\u00e9velopper une base de donn\u00e9es pour et par la communaut\u00e9 et favoriser les discussions, <strong>rencontres <\/strong>et initiatives.<\/p>\n\n\n\n<p>Pour en savoir plus, rendez-vous sur le site de la<strong><a href=\"https:\/\/fems.asso.fr\/\" target=\"_blank\" rel=\"noreferrer noopener\"> F\u00e9d\u00e9r\u00e9ation des \u00e9comus\u00e9es et des mus\u00e9es de soci\u00e9t\u00e9.<\/a><\/strong><\/p>\n","protected":false},"excerpt":{"rendered":"<p>Mais au fait, un \u00e9comus\u00e9e, c&#8217;est quoi ? L\u2019apparition du terme \u00ab\u00a0\u00e9comus\u00e9e\u00a0\u00bb en France est \u00e9troitement li\u00e9e aux transformations de [&hellip;]<\/p>\n","protected":false},"author":6,"featured_media":0,"parent":896,"menu_order":1,"comment_status":"closed","ping_status":"closed","template":"","meta":{"_acf_changed":false,"footnotes":""},"class_list":["post-863","page","type-page","status-publish","hentry"],"acf":[],"yoast_head":"<!-- This site is optimized with the Yoast SEO plugin v24.3 - https:\/\/yoast.com\/wordpress\/plugins\/seo\/ -->\n<title>Qu&#039;est-ce qu&#039;un \u00e9comus\u00e9e | Ecomus\u00e9e Bresse Bourguignonne<\/title>\n<meta name=\"description\" content=\"L\u2019\u00e9comus\u00e9e a une approche interdisciplinaire qui replace l\u2019Homme au c\u0153ur de son milieu, qu\u2019il soit naturel, industriel, rural ou urbain.\" \/>\n<meta name=\"robots\" content=\"index, follow, max-snippet:-1, max-image-preview:large, max-video-preview:-1\" \/>\n<link rel=\"canonical\" href=\"https:\/\/www.ecomusee-bresse71.fr\/en\/ecomusee\/musee-patrimoine-bresse-bourgogne-71\/\" \/>\n<meta property=\"og:locale\" content=\"en_US\" \/>\n<meta property=\"og:type\" content=\"article\" \/>\n<meta property=\"og:title\" content=\"Qu&#039;est-ce qu&#039;un \u00e9comus\u00e9e | Ecomus\u00e9e Bresse Bourguignonne\" \/>\n<meta property=\"og:description\" content=\"L\u2019\u00e9comus\u00e9e a une approche interdisciplinaire qui replace l\u2019Homme au c\u0153ur de son milieu, qu\u2019il soit naturel, industriel, rural ou urbain.\" \/>\n<meta property=\"og:url\" content=\"https:\/\/www.ecomusee-bresse71.fr\/en\/ecomusee\/musee-patrimoine-bresse-bourgogne-71\/\" \/>\n<meta property=\"og:site_name\" content=\"Ecomus\u00e9e de la Bresse Bourguignonne\" \/>\n<meta property=\"article:modified_time\" content=\"2025-06-19T09:48:26+00:00\" \/>\n<meta property=\"og:image\" content=\"https:\/\/www.ecomusee-bresse71.fr\/contenu\/uploads\/2025\/03\/chateau-pierre-bresse-ecomusee-publigo-quentin-danel-102-1024x683.jpg\" \/>\n\t<meta property=\"og:image:width\" content=\"1024\" \/>\n\t<meta property=\"og:image:height\" content=\"683\" \/>\n\t<meta property=\"og:image:type\" content=\"image\/jpeg\" \/>\n<meta name=\"twitter:card\" content=\"summary_large_image\" \/>\n<meta name=\"twitter:label1\" content=\"Est. reading time\" \/>\n\t<meta name=\"twitter:data1\" content=\"1 minute\" \/>\n<script type=\"application\/ld+json\" class=\"yoast-schema-graph\">{\"@context\":\"https:\/\/schema.org\",\"@graph\":[{\"@type\":\"WebPage\",\"@id\":\"https:\/\/www.ecomusee-bresse71.fr\/en\/ecomusee\/musee-patrimoine-bresse-bourgogne-71\/\",\"url\":\"https:\/\/www.ecomusee-bresse71.fr\/en\/ecomusee\/musee-patrimoine-bresse-bourgogne-71\/\",\"name\":\"Qu'est-ce qu'un \u00e9comus\u00e9e | Ecomus\u00e9e Bresse Bourguignonne\",\"isPartOf\":{\"@id\":\"https:\/\/www.ecomusee-bresse71.fr\/en\/#website\"},\"primaryImageOfPage\":{\"@id\":\"https:\/\/www.ecomusee-bresse71.fr\/en\/ecomusee\/musee-patrimoine-bresse-bourgogne-71\/#primaryimage\"},\"image\":{\"@id\":\"https:\/\/www.ecomusee-bresse71.fr\/en\/ecomusee\/musee-patrimoine-bresse-bourgogne-71\/#primaryimage\"},\"thumbnailUrl\":\"https:\/\/www.ecomusee-bresse71.fr\/contenu\/uploads\/2025\/03\/chateau-pierre-bresse-ecomusee-publigo-quentin-danel-102-1024x683.jpg\",\"datePublished\":\"2025-02-17T13:08:20+00:00\",\"dateModified\":\"2025-06-19T09:48:26+00:00\",\"description\":\"L\u2019\u00e9comus\u00e9e a une approche interdisciplinaire qui replace l\u2019Homme au c\u0153ur de son milieu, qu\u2019il soit naturel, industriel, rural ou urbain.\",\"breadcrumb\":{\"@id\":\"https:\/\/www.ecomusee-bresse71.fr\/en\/ecomusee\/musee-patrimoine-bresse-bourgogne-71\/#breadcrumb\"},\"inLanguage\":\"en-US\",\"potentialAction\":[{\"@type\":\"ReadAction\",\"target\":[\"https:\/\/www.ecomusee-bresse71.fr\/en\/ecomusee\/musee-patrimoine-bresse-bourgogne-71\/\"]}]},{\"@type\":\"ImageObject\",\"inLanguage\":\"en-US\",\"@id\":\"https:\/\/www.ecomusee-bresse71.fr\/en\/ecomusee\/musee-patrimoine-bresse-bourgogne-71\/#primaryimage\",\"url\":\"https:\/\/www.ecomusee-bresse71.fr\/contenu\/uploads\/2025\/03\/chateau-pierre-bresse-ecomusee-publigo-quentin-danel-102-1024x683.jpg\",\"contentUrl\":\"https:\/\/www.ecomusee-bresse71.fr\/contenu\/uploads\/2025\/03\/chateau-pierre-bresse-ecomusee-publigo-quentin-danel-102-1024x683.jpg\"},{\"@type\":\"BreadcrumbList\",\"@id\":\"https:\/\/www.ecomusee-bresse71.fr\/en\/ecomusee\/musee-patrimoine-bresse-bourgogne-71\/#breadcrumb\",\"itemListElement\":[{\"@type\":\"ListItem\",\"position\":1,\"name\":\"Home\",\"item\":\"https:\/\/www.ecomusee-bresse71.fr\/en\/\"},{\"@type\":\"ListItem\",\"position\":2,\"name\":\"Qui sommes-nous ?\",\"item\":\"https:\/\/www.ecomusee-bresse71.fr\/en\/ecomusee\/\"},{\"@type\":\"ListItem\",\"position\":3,\"name\":\"Un \u00e9comus\u00e9e, c&#8217;est quoi ?\"}]},{\"@type\":\"WebSite\",\"@id\":\"https:\/\/www.ecomusee-bresse71.fr\/en\/#website\",\"url\":\"https:\/\/www.ecomusee-bresse71.fr\/en\/\",\"name\":\"Ecomus\u00e9e de la Bresse Bourguignonne\",\"description\":\"\",\"potentialAction\":[{\"@type\":\"SearchAction\",\"target\":{\"@type\":\"EntryPoint\",\"urlTemplate\":\"https:\/\/www.ecomusee-bresse71.fr\/en\/?s={search_term_string}\"},\"query-input\":{\"@type\":\"PropertyValueSpecification\",\"valueRequired\":true,\"valueName\":\"search_term_string\"}}],\"inLanguage\":\"en-US\"}]}<\/script>\n<!-- \/ Yoast SEO plugin. -->","yoast_head_json":{"title":"Qu'est-ce qu'un \u00e9comus\u00e9e | Ecomus\u00e9e Bresse Bourguignonne","description":"L\u2019\u00e9comus\u00e9e a une approche interdisciplinaire qui replace l\u2019Homme au c\u0153ur de son milieu, qu\u2019il soit naturel, industriel, rural ou urbain.","robots":{"index":"index","follow":"follow","max-snippet":"max-snippet:-1","max-image-preview":"max-image-preview:large","max-video-preview":"max-video-preview:-1"},"canonical":"https:\/\/www.ecomusee-bresse71.fr\/en\/ecomusee\/musee-patrimoine-bresse-bourgogne-71\/","og_locale":"en_US","og_type":"article","og_title":"Qu'est-ce qu'un \u00e9comus\u00e9e | Ecomus\u00e9e Bresse Bourguignonne","og_description":"L\u2019\u00e9comus\u00e9e a une approche interdisciplinaire qui replace l\u2019Homme au c\u0153ur de son milieu, qu\u2019il soit naturel, industriel, rural ou urbain.","og_url":"https:\/\/www.ecomusee-bresse71.fr\/en\/ecomusee\/musee-patrimoine-bresse-bourgogne-71\/","og_site_name":"Ecomus\u00e9e de la Bresse Bourguignonne","article_modified_time":"2025-06-19T09:48:26+00:00","og_image":[{"width":1024,"height":683,"url":"https:\/\/www.ecomusee-bresse71.fr\/contenu\/uploads\/2025\/03\/chateau-pierre-bresse-ecomusee-publigo-quentin-danel-102-1024x683.jpg","type":"image\/jpeg"}],"twitter_card":"summary_large_image","twitter_misc":{"Est. reading time":"1 minute"},"schema":{"@context":"https:\/\/schema.org","@graph":[{"@type":"WebPage","@id":"https:\/\/www.ecomusee-bresse71.fr\/en\/ecomusee\/musee-patrimoine-bresse-bourgogne-71\/","url":"https:\/\/www.ecomusee-bresse71.fr\/en\/ecomusee\/musee-patrimoine-bresse-bourgogne-71\/","name":"Qu'est-ce qu'un \u00e9comus\u00e9e | Ecomus\u00e9e Bresse Bourguignonne","isPartOf":{"@id":"https:\/\/www.ecomusee-bresse71.fr\/en\/#website"},"primaryImageOfPage":{"@id":"https:\/\/www.ecomusee-bresse71.fr\/en\/ecomusee\/musee-patrimoine-bresse-bourgogne-71\/#primaryimage"},"image":{"@id":"https:\/\/www.ecomusee-bresse71.fr\/en\/ecomusee\/musee-patrimoine-bresse-bourgogne-71\/#primaryimage"},"thumbnailUrl":"https:\/\/www.ecomusee-bresse71.fr\/contenu\/uploads\/2025\/03\/chateau-pierre-bresse-ecomusee-publigo-quentin-danel-102-1024x683.jpg","datePublished":"2025-02-17T13:08:20+00:00","dateModified":"2025-06-19T09:48:26+00:00","description":"L\u2019\u00e9comus\u00e9e a une approche interdisciplinaire qui replace l\u2019Homme au c\u0153ur de son milieu, qu\u2019il soit naturel, industriel, rural ou urbain.","breadcrumb":{"@id":"https:\/\/www.ecomusee-bresse71.fr\/en\/ecomusee\/musee-patrimoine-bresse-bourgogne-71\/#breadcrumb"},"inLanguage":"en-US","potentialAction":[{"@type":"ReadAction","target":["https:\/\/www.ecomusee-bresse71.fr\/en\/ecomusee\/musee-patrimoine-bresse-bourgogne-71\/"]}]},{"@type":"ImageObject","inLanguage":"en-US","@id":"https:\/\/www.ecomusee-bresse71.fr\/en\/ecomusee\/musee-patrimoine-bresse-bourgogne-71\/#primaryimage","url":"https:\/\/www.ecomusee-bresse71.fr\/contenu\/uploads\/2025\/03\/chateau-pierre-bresse-ecomusee-publigo-quentin-danel-102-1024x683.jpg","contentUrl":"https:\/\/www.ecomusee-bresse71.fr\/contenu\/uploads\/2025\/03\/chateau-pierre-bresse-ecomusee-publigo-quentin-danel-102-1024x683.jpg"},{"@type":"BreadcrumbList","@id":"https:\/\/www.ecomusee-bresse71.fr\/en\/ecomusee\/musee-patrimoine-bresse-bourgogne-71\/#breadcrumb","itemListElement":[{"@type":"ListItem","position":1,"name":"Home","item":"https:\/\/www.ecomusee-bresse71.fr\/en\/"},{"@type":"ListItem","position":2,"name":"Qui sommes-nous ?","item":"https:\/\/www.ecomusee-bresse71.fr\/en\/ecomusee\/"},{"@type":"ListItem","position":3,"name":"Un \u00e9comus\u00e9e, c&#8217;est quoi ?"}]},{"@type":"WebSite","@id":"https:\/\/www.ecomusee-bresse71.fr\/en\/#website","url":"https:\/\/www.ecomusee-bresse71.fr\/en\/","name":"Ecomus\u00e9e de la Bresse Bourguignonne","description":"","potentialAction":[{"@type":"SearchAction","target":{"@type":"EntryPoint","urlTemplate":"https:\/\/www.ecomusee-bresse71.fr\/en\/?s={search_term_string}"},"query-input":{"@type":"PropertyValueSpecification","valueRequired":true,"valueName":"search_term_string"}}],"inLanguage":"en-US"}]}},"_links":{"self":[{"href":"https:\/\/www.ecomusee-bresse71.fr\/en\/wp-json\/wp\/v2\/pages\/863"}],"collection":[{"href":"https:\/\/www.ecomusee-bresse71.fr\/en\/wp-json\/wp\/v2\/pages"}],"about":[{"href":"https:\/\/www.ecomusee-bresse71.fr\/en\/wp-json\/wp\/v2\/types\/page"}],"author":[{"embeddable":true,"href":"https:\/\/www.ecomusee-bresse71.fr\/en\/wp-json\/wp\/v2\/users\/6"}],"replies":[{"embeddable":true,"href":"https:\/\/www.ecomusee-bresse71.fr\/en\/wp-json\/wp\/v2\/comments?post=863"}],"version-history":[{"count":2,"href":"https:\/\/www.ecomusee-bresse71.fr\/en\/wp-json\/wp\/v2\/pages\/863\/revisions"}],"predecessor-version":[{"id":2206,"href":"https:\/\/www.ecomusee-bresse71.fr\/en\/wp-json\/wp\/v2\/pages\/863\/revisions\/2206"}],"up":[{"embeddable":true,"href":"https:\/\/www.ecomusee-bresse71.fr\/en\/wp-json\/wp\/v2\/pages\/896"}],"wp:attachment":[{"href":"https:\/\/www.ecomusee-bresse71.fr\/en\/wp-json\/wp\/v2\/media?parent=863"}],"curies":[{"name":"wp","href":"https:\/\/api.w.org\/{rel}","templated":true}]}}

Un écomusée, c&#8217;est quoi ?

<div class="wp-block-columns are-vertically-aligned-center is-layout-flex wp-container-core-columns-is-layout-1 wp-block-columns-is-layout-flex">
<div class="wp-block-column is-vertically-aligned-center is-layout-flow wp-block-column-is-layout-flow">
<h2 class="wp-block-heading">Mais au fait, un écomusée, c&#8217;est quoi ?</h2>



<p>L’apparition du terme « <strong>écomusée </strong>» en <strong>France </strong>est étroitement liée aux transformations de la société dans les années <strong>1960-1970</strong>. Cette période est marquée par une volonté de renouveler profondément les <strong>musées</strong> de l’époque et de redéfinir son rapport avec les publics.</p>
</div>



<div class="wp-block-column is-vertically-aligned-center is-layout-flow wp-block-column-is-layout-flow">
<figure class="wp-block-image size-large"><img loading="lazy" decoding="async" width="1024" height="683" src="https://www.ecomusee-bresse71.fr/contenu/uploads/2025/03/chateau-pierre-bresse-ecomusee-publigo-quentin-danel-102-1024x683.jpg" alt="" class="wp-image-444"/></figure>
</div>
</div>



<h3 class="wp-block-heading">Une approche interdisciplinaire au service du patrimoine vivant</h3>



<p>L&#8217;approche qui émerge alors consiste à représenter l’Homme dans le temps et dans son milieu, qu’il soit naturel, industriel, rural ou urbain à travers des points de vue interdisciplinaires. Le rôle des <strong>écomusées </strong>est multiple : <strong>fédérer localement</strong> la population autour d&#8217;un projet, transformer les habitants en acteurs et usagers de leur propre patrimoine, développer une base de données pour et par la communauté et favoriser les discussions, <strong>rencontres </strong>et initiatives.</p>



<p>Pour en savoir plus, rendez-vous sur le site de la<strong><a href="https://fems.asso.fr/" target="_blank" rel="noreferrer noopener"> Fédéréation des écomusées et des musées de société.</a></strong></p>

<p>Mais au fait, un écomusée, c&#8217;est quoi ? L’apparition du terme « écomusée » en France est étroitement liée aux transformations de [&hellip;]</p>

<!-- This site is optimized with the Yoast SEO plugin v24.3 - https://yoast.com/wordpress/plugins/seo/ -->
<title>Qu&#039;est-ce qu&#039;un écomusée | Ecomusée Bresse Bourguignonne</title>
<meta name="description" content="L’écomusée a une approche interdisciplinaire qui replace l’Homme au cœur de son milieu, qu’il soit naturel, industriel, rural ou urbain." />
<meta name="robots" content="index, follow, max-snippet:-1, max-image-preview:large, max-video-preview:-1" />
<link rel="canonical" href="https://www.ecomusee-bresse71.fr/en/ecomusee/musee-patrimoine-bresse-bourgogne-71/" />
<meta property="og:locale" content="en_US" />
<meta property="og:type" content="article" />
<meta property="og:title" content="Qu&#039;est-ce qu&#039;un écomusée | Ecomusée Bresse Bourguignonne" />
<meta property="og:description" content="L’écomusée a une approche interdisciplinaire qui replace l’Homme au cœur de son milieu, qu’il soit naturel, industriel, rural ou urbain." />
<meta property="og:url" content="https://www.ecomusee-bresse71.fr/en/ecomusee/musee-patrimoine-bresse-bourgogne-71/" />
<meta property="og:site_name" content="Ecomusée de la Bresse Bourguignonne" />
<meta property="article:modified_time" content="2025-06-19T09:48:26+00:00" />
<meta property="og:image" content="https://www.ecomusee-bresse71.fr/contenu/uploads/2025/03/chateau-pierre-bresse-ecomusee-publigo-quentin-danel-102-1024x683.jpg" />
	<meta property="og:image:width" content="1024" />
	<meta property="og:image:height" content="683" />
	<meta property="og:image:type" content="image/jpeg" />
<meta name="twitter:card" content="summary_large_image" />
<meta name="twitter:label1" content="Est. reading time" />
	<meta name="twitter:data1" content="1 minute" />
<script type="application/ld+json" class="yoast-schema-graph">{"@context":"https://schema.org","@graph":[{"@type":"WebPage","@id":"https://www.ecomusee-bresse71.fr/en/ecomusee/musee-patrimoine-bresse-bourgogne-71/","url":"https://www.ecomusee-bresse71.fr/en/ecomusee/musee-patrimoine-bresse-bourgogne-71/","name":"Qu'est-ce qu'un écomusée | Ecomusée Bresse Bourguignonne","isPartOf":{"@id":"https://www.ecomusee-bresse71.fr/en/#website"},"primaryImageOfPage":{"@id":"https://www.ecomusee-bresse71.fr/en/ecomusee/musee-patrimoine-bresse-bourgogne-71/#primaryimage"},"image":{"@id":"https://www.ecomusee-bresse71.fr/en/ecomusee/musee-patrimoine-bresse-bourgogne-71/#primaryimage"},"thumbnailUrl":"https://www.ecomusee-bresse71.fr/contenu/uploads/2025/03/chateau-pierre-bresse-ecomusee-publigo-quentin-danel-102-1024x683.jpg","datePublished":"2025-02-17T13:08:20+00:00","dateModified":"2025-06-19T09:48:26+00:00","description":"L’écomusée a une approche interdisciplinaire qui replace l’Homme au cœur de son milieu, qu’il soit naturel, industriel, rural ou urbain.","breadcrumb":{"@id":"https://www.ecomusee-bresse71.fr/en/ecomusee/musee-patrimoine-bresse-bourgogne-71/#breadcrumb"},"inLanguage":"en-US","potentialAction":[{"@type":"ReadAction","target":["https://www.ecomusee-bresse71.fr/en/ecomusee/musee-patrimoine-bresse-bourgogne-71/"]}]},{"@type":"ImageObject","inLanguage":"en-US","@id":"https://www.ecomusee-bresse71.fr/en/ecomusee/musee-patrimoine-bresse-bourgogne-71/#primaryimage","url":"https://www.ecomusee-bresse71.fr/contenu/uploads/2025/03/chateau-pierre-bresse-ecomusee-publigo-quentin-danel-102-1024x683.jpg","contentUrl":"https://www.ecomusee-bresse71.fr/contenu/uploads/2025/03/chateau-pierre-bresse-ecomusee-publigo-quentin-danel-102-1024x683.jpg"},{"@type":"BreadcrumbList","@id":"https://www.ecomusee-bresse71.fr/en/ecomusee/musee-patrimoine-bresse-bourgogne-71/#breadcrumb","itemListElement":[{"@type":"ListItem","position":1,"name":"Home","item":"https://www.ecomusee-bresse71.fr/en/"},{"@type":"ListItem","position":2,"name":"Qui sommes-nous ?","item":"https://www.ecomusee-bresse71.fr/en/ecomusee/"},{"@type":"ListItem","position":3,"name":"Un écomusée, c&#8217;est quoi ?"}]},{"@type":"WebSite","@id":"https://www.ecomusee-bresse71.fr/en/#website","url":"https://www.ecomusee-bresse71.fr/en/","name":"Ecomusée de la Bresse Bourguignonne","description":"","potentialAction":[{"@type":"SearchAction","target":{"@type":"EntryPoint","urlTemplate":"https://www.ecomusee-bresse71.fr/en/?s={search_term_string}"},"query-input":{"@type":"PropertyValueSpecification","valueRequired":true,"valueName":"search_term_string"}}],"inLanguage":"en-US"}]}</script>
<!-- / Yoast SEO plugin. -->

Qu'est-ce qu'un écomusée | Ecomusée Bresse Bourguignonne

L’écomusée a une approche interdisciplinaire qui replace l’Homme au cœur de son milieu, qu’il soit naturel, industriel, rural ou urbain.

Ecomusée de la Bresse Bourguignonne
