{"id":884,"date":"2025-02-04T11:04:10","date_gmt":"2025-02-04T10:04:10","guid":{"rendered":"https:\/\/www.ecomusee-bresse71.fr\/activites\/conferences\/"},"modified":"2025-10-23T16:24:00","modified_gmt":"2025-10-23T14:24:00","slug":"conferences","status":"publish","type":"page","link":"https:\/\/www.ecomusee-bresse71.fr\/en\/activites\/conferences\/","title":{"rendered":"Conferences &#038; Meetings"},"content":{"rendered":"\n<p>Tout au long de l\u2019ann\u00e9e, assistez \u00e0 des <strong>conf\u00e9rences th\u00e9matiques<\/strong> en lien avec nos expositions temporaires, le patrimoine et les enjeux locaux. Ces moments privil\u00e9gi\u00e9s permettent d\u2019enrichir ses connaissances, de d\u00e9couvrir des points de vue d\u2019experts et de participer \u00e0 des d\u00e9bats stimulants.&#13;\nDes formats originaux, comme les<strong> exhibition aperitif<\/strong>, offrent aussi une exp\u00e9rience plus conviviale, permettant de rencontrer des acteurs culturels, des artisans, des producteurs locaux et d\u2019autres passionn\u00e9s qui font vivre le territoire aujourd\u2019hui.<\/p>\n\n<h2 class=\"wp-block-heading has-text-align-center\"><a href=\"https:\/\/www.ecomusee-bresse71.fr\/events\/event\/\">See the agenda<\/a><\/h2>\n","protected":false},"excerpt":{"rendered":"<p>Tout au long de l\u2019ann\u00e9e, assistez \u00e0 des conf\u00e9rences th\u00e9matiques en lien avec nos expositions temporaires, le patrimoine et les [&hellip;]<\/p>\n","protected":false},"author":7,"featured_media":0,"parent":867,"menu_order":8,"comment_status":"closed","ping_status":"closed","template":"","meta":{"_acf_changed":false,"footnotes":""},"class_list":["post-884","page","type-page","status-publish","hentry"],"acf":[],"yoast_head":"<!-- This site is optimized with the Yoast SEO plugin v24.3 - https:\/\/yoast.com\/wordpress\/plugins\/seo\/ -->\n<title>Bresse Bourguignonne Ecomuseum | Meetings and conferences<\/title>\n<meta name=\"robots\" content=\"index, follow, max-snippet:-1, max-image-preview:large, max-video-preview:-1\" \/>\n<link rel=\"canonical\" href=\"https:\/\/www.ecomusee-bresse71.fr\/en\/activites\/conferences\/\" \/>\n<meta property=\"og:locale\" content=\"en_US\" \/>\n<meta property=\"og:type\" content=\"article\" \/>\n<meta property=\"og:title\" content=\"Bresse Bourguignonne Ecomuseum | Meetings and conferences\" \/>\n<meta property=\"og:description\" content=\"Tout au long de l\u2019ann\u00e9e, assistez \u00e0 des conf\u00e9rences th\u00e9matiques en lien avec nos expositions temporaires, le patrimoine et les [&hellip;]\" \/>\n<meta property=\"og:url\" content=\"https:\/\/www.ecomusee-bresse71.fr\/en\/activites\/conferences\/\" \/>\n<meta property=\"og:site_name\" content=\"Ecomus\u00e9e de la Bresse Bourguignonne\" \/>\n<meta property=\"article:modified_time\" content=\"2025-10-23T14:24:00+00:00\" \/>\n<meta name=\"twitter:card\" content=\"summary_large_image\" \/>\n<script type=\"application\/ld+json\" class=\"yoast-schema-graph\">{\"@context\":\"https:\/\/schema.org\",\"@graph\":[{\"@type\":\"WebPage\",\"@id\":\"https:\/\/www.ecomusee-bresse71.fr\/en\/activites\/conferences\/\",\"url\":\"https:\/\/www.ecomusee-bresse71.fr\/en\/activites\/conferences\/\",\"name\":\"Bresse Bourguignonne Ecomuseum | Meetings and conferences\",\"isPartOf\":{\"@id\":\"https:\/\/www.ecomusee-bresse71.fr\/en\/#website\"},\"datePublished\":\"2025-02-04T10:04:10+00:00\",\"dateModified\":\"2025-10-23T14:24:00+00:00\",\"breadcrumb\":{\"@id\":\"https:\/\/www.ecomusee-bresse71.fr\/en\/activites\/conferences\/#breadcrumb\"},\"inLanguage\":\"en-US\",\"potentialAction\":[{\"@type\":\"ReadAction\",\"target\":[\"https:\/\/www.ecomusee-bresse71.fr\/en\/activites\/conferences\/\"]}]},{\"@type\":\"BreadcrumbList\",\"@id\":\"https:\/\/www.ecomusee-bresse71.fr\/en\/activites\/conferences\/#breadcrumb\",\"itemListElement\":[{\"@type\":\"ListItem\",\"position\":1,\"name\":\"Home\",\"item\":\"https:\/\/www.ecomusee-bresse71.fr\/en\/\"},{\"@type\":\"ListItem\",\"position\":2,\"name\":\"Activities\",\"item\":\"https:\/\/www.ecomusee-bresse71.fr\/en\/activites\/\"},{\"@type\":\"ListItem\",\"position\":3,\"name\":\"Conferences &#038; Meetings\"}]},{\"@type\":\"WebSite\",\"@id\":\"https:\/\/www.ecomusee-bresse71.fr\/en\/#website\",\"url\":\"https:\/\/www.ecomusee-bresse71.fr\/en\/\",\"name\":\"Ecomus\u00e9e de la Bresse Bourguignonne\",\"description\":\"\",\"potentialAction\":[{\"@type\":\"SearchAction\",\"target\":{\"@type\":\"EntryPoint\",\"urlTemplate\":\"https:\/\/www.ecomusee-bresse71.fr\/en\/?s={search_term_string}\"},\"query-input\":{\"@type\":\"PropertyValueSpecification\",\"valueRequired\":true,\"valueName\":\"search_term_string\"}}],\"inLanguage\":\"en-US\"}]}<\/script>\n<!-- \/ Yoast SEO plugin. -->","yoast_head_json":{"title":"Bresse Bourguignonne Ecomuseum | Meetings and conferences","robots":{"index":"index","follow":"follow","max-snippet":"max-snippet:-1","max-image-preview":"max-image-preview:large","max-video-preview":"max-video-preview:-1"},"canonical":"https:\/\/www.ecomusee-bresse71.fr\/en\/activites\/conferences\/","og_locale":"en_US","og_type":"article","og_title":"Bresse Bourguignonne Ecomuseum | Meetings and conferences","og_description":"Tout au long de l\u2019ann\u00e9e, assistez \u00e0 des conf\u00e9rences th\u00e9matiques en lien avec nos expositions temporaires, le patrimoine et les [&hellip;]","og_url":"https:\/\/www.ecomusee-bresse71.fr\/en\/activites\/conferences\/","og_site_name":"Ecomus\u00e9e de la Bresse Bourguignonne","article_modified_time":"2025-10-23T14:24:00+00:00","twitter_card":"summary_large_image","schema":{"@context":"https:\/\/schema.org","@graph":[{"@type":"WebPage","@id":"https:\/\/www.ecomusee-bresse71.fr\/en\/activites\/conferences\/","url":"https:\/\/www.ecomusee-bresse71.fr\/en\/activites\/conferences\/","name":"Bresse Bourguignonne Ecomuseum | Meetings and conferences","isPartOf":{"@id":"https:\/\/www.ecomusee-bresse71.fr\/en\/#website"},"datePublished":"2025-02-04T10:04:10+00:00","dateModified":"2025-10-23T14:24:00+00:00","breadcrumb":{"@id":"https:\/\/www.ecomusee-bresse71.fr\/en\/activites\/conferences\/#breadcrumb"},"inLanguage":"en-US","potentialAction":[{"@type":"ReadAction","target":["https:\/\/www.ecomusee-bresse71.fr\/en\/activites\/conferences\/"]}]},{"@type":"BreadcrumbList","@id":"https:\/\/www.ecomusee-bresse71.fr\/en\/activites\/conferences\/#breadcrumb","itemListElement":[{"@type":"ListItem","position":1,"name":"Home","item":"https:\/\/www.ecomusee-bresse71.fr\/en\/"},{"@type":"ListItem","position":2,"name":"Activities","item":"https:\/\/www.ecomusee-bresse71.fr\/en\/activites\/"},{"@type":"ListItem","position":3,"name":"Conferences &#038; Meetings"}]},{"@type":"WebSite","@id":"https:\/\/www.ecomusee-bresse71.fr\/en\/#website","url":"https:\/\/www.ecomusee-bresse71.fr\/en\/","name":"Ecomus\u00e9e de la Bresse Bourguignonne","description":"","potentialAction":[{"@type":"SearchAction","target":{"@type":"EntryPoint","urlTemplate":"https:\/\/www.ecomusee-bresse71.fr\/en\/?s={search_term_string}"},"query-input":{"@type":"PropertyValueSpecification","valueRequired":true,"valueName":"search_term_string"}}],"inLanguage":"en-US"}]}},"_links":{"self":[{"href":"https:\/\/www.ecomusee-bresse71.fr\/en\/wp-json\/wp\/v2\/pages\/884"}],"collection":[{"href":"https:\/\/www.ecomusee-bresse71.fr\/en\/wp-json\/wp\/v2\/pages"}],"about":[{"href":"https:\/\/www.ecomusee-bresse71.fr\/en\/wp-json\/wp\/v2\/types\/page"}],"author":[{"embeddable":true,"href":"https:\/\/www.ecomusee-bresse71.fr\/en\/wp-json\/wp\/v2\/users\/7"}],"replies":[{"embeddable":true,"href":"https:\/\/www.ecomusee-bresse71.fr\/en\/wp-json\/wp\/v2\/comments?post=884"}],"version-history":[{"count":2,"href":"https:\/\/www.ecomusee-bresse71.fr\/en\/wp-json\/wp\/v2\/pages\/884\/revisions"}],"predecessor-version":[{"id":3833,"href":"https:\/\/www.ecomusee-bresse71.fr\/en\/wp-json\/wp\/v2\/pages\/884\/revisions\/3833"}],"up":[{"embeddable":true,"href":"https:\/\/www.ecomusee-bresse71.fr\/en\/wp-json\/wp\/v2\/pages\/867"}],"wp:attachment":[{"href":"https:\/\/www.ecomusee-bresse71.fr\/en\/wp-json\/wp\/v2\/media?parent=884"}],"curies":[{"name":"wp","href":"https:\/\/api.w.org\/{rel}","templated":true}]}}

<p>Tout au long de l’année, assistez à des <strong>conférences thématiques</strong> en lien avec nos expositions temporaires, le patrimoine et les enjeux locaux. Ces moments privilégiés permettent d’enrichir ses connaissances, de découvrir des points de vue d’experts et de participer à des débats stimulants.&#13;
Des formats originaux, comme les<strong> exhibition aperitif</strong>, offrent aussi une expérience plus conviviale, permettant de rencontrer des acteurs culturels, des artisans, des producteurs locaux et d’autres passionnés qui font vivre le territoire aujourd’hui.</p>

<h2 class="wp-block-heading has-text-align-center"><a href="https://www.ecomusee-bresse71.fr/events/event/">See the agenda</a></h2>

<p>Tout au long de l’année, assistez à des conférences thématiques en lien avec nos expositions temporaires, le patrimoine et les [&hellip;]</p>

<!-- This site is optimized with the Yoast SEO plugin v24.3 - https://yoast.com/wordpress/plugins/seo/ -->
<title>Bresse Bourguignonne Ecomuseum | Meetings and conferences</title>
<meta name="robots" content="index, follow, max-snippet:-1, max-image-preview:large, max-video-preview:-1" />
<link rel="canonical" href="https://www.ecomusee-bresse71.fr/en/activites/conferences/" />
<meta property="og:locale" content="en_US" />
<meta property="og:type" content="article" />
<meta property="og:title" content="Bresse Bourguignonne Ecomuseum | Meetings and conferences" />
<meta property="og:description" content="Tout au long de l’année, assistez à des conférences thématiques en lien avec nos expositions temporaires, le patrimoine et les [&hellip;]" />
<meta property="og:url" content="https://www.ecomusee-bresse71.fr/en/activites/conferences/" />
<meta property="og:site_name" content="Ecomusée de la Bresse Bourguignonne" />
<meta property="article:modified_time" content="2025-10-23T14:24:00+00:00" />
<meta name="twitter:card" content="summary_large_image" />
<script type="application/ld+json" class="yoast-schema-graph">{"@context":"https://schema.org","@graph":[{"@type":"WebPage","@id":"https://www.ecomusee-bresse71.fr/en/activites/conferences/","url":"https://www.ecomusee-bresse71.fr/en/activites/conferences/","name":"Bresse Bourguignonne Ecomuseum | Meetings and conferences","isPartOf":{"@id":"https://www.ecomusee-bresse71.fr/en/#website"},"datePublished":"2025-02-04T10:04:10+00:00","dateModified":"2025-10-23T14:24:00+00:00","breadcrumb":{"@id":"https://www.ecomusee-bresse71.fr/en/activites/conferences/#breadcrumb"},"inLanguage":"en-US","potentialAction":[{"@type":"ReadAction","target":["https://www.ecomusee-bresse71.fr/en/activites/conferences/"]}]},{"@type":"BreadcrumbList","@id":"https://www.ecomusee-bresse71.fr/en/activites/conferences/#breadcrumb","itemListElement":[{"@type":"ListItem","position":1,"name":"Home","item":"https://www.ecomusee-bresse71.fr/en/"},{"@type":"ListItem","position":2,"name":"Activities","item":"https://www.ecomusee-bresse71.fr/en/activites/"},{"@type":"ListItem","position":3,"name":"Conferences &#038; Meetings"}]},{"@type":"WebSite","@id":"https://www.ecomusee-bresse71.fr/en/#website","url":"https://www.ecomusee-bresse71.fr/en/","name":"Ecomusée de la Bresse Bourguignonne","description":"","potentialAction":[{"@type":"SearchAction","target":{"@type":"EntryPoint","urlTemplate":"https://www.ecomusee-bresse71.fr/en/?s={search_term_string}"},"query-input":{"@type":"PropertyValueSpecification","valueRequired":true,"valueName":"search_term_string"}}],"inLanguage":"en-US"}]}</script>
<!-- / Yoast SEO plugin. -->

Tout au long de l’année, assistez à des conférences thématiques en lien avec nos expositions temporaires, le patrimoine et les [&hellip;]

Ecomusée de la Bresse Bourguignonne
