{"id":893,"date":"2025-02-04T11:04:09","date_gmt":"2025-02-04T10:04:09","guid":{"rendered":"https:\/\/www.ecomusee-bresse71.fr\/offres-emplois-stage-ecomusee-71\/"},"modified":"2026-04-01T13:59:12","modified_gmt":"2026-04-01T11:59:12","slug":"offres-emplois-stage-ecomusee-71","status":"publish","type":"page","link":"https:\/\/www.ecomusee-bresse71.fr\/en\/ecomusee\/offres-emplois-stage-ecomusee-71\/","title":{"rendered":"Emploi et stages"},"content":{"rendered":"\n<p><strong>L\u2019\u00c9comus\u00e9e de la <a href=\"https:\/\/www.ecomusee-bresse71.fr\/en\/ecomusee\/bresse-jura-bourgogne-saone-71\/\">Bresse bourguignonne<\/a><\/strong>, c\u2019est un savant m\u00e9lange entre tradition et <strong>innovation<\/strong>, o\u00f9 <strong>patrimoine <\/strong>et <strong>modernit\u00e9 <\/strong>se rencontrent. Si vous \u00eates curieux, passionn\u00e9 et pr\u00eat \u00e0 int\u00e9grer une <strong>\u00e9quipe dynamique<\/strong>, vous \u00eates au bon endroit !<\/p>\n\n\n\n<figure class=\"wp-block-gallery has-nested-images columns-default is-cropped wp-block-gallery-1 is-layout-flex wp-block-gallery-is-layout-flex\">\n<figure class=\"wp-block-image size-large\"><a href=\"https:\/\/www.ecomusee-bresse71.fr\/contenu\/uploads\/2025\/06\/Photo-8-scaled.jpg\"><img loading=\"lazy\" decoding=\"async\" width=\"768\" height=\"1024\" data-id=\"1598\" src=\"https:\/\/www.ecomusee-bresse71.fr\/contenu\/uploads\/2025\/06\/Photo-8-768x1024.jpg\" alt=\"\" class=\"wp-image-1598\"\/><\/a><\/figure>\n\n\n\n<figure class=\"wp-block-image size-large\"><a href=\"https:\/\/www.ecomusee-bresse71.fr\/contenu\/uploads\/2025\/06\/Photo-8-bis-scaled.jpg\"><img loading=\"lazy\" decoding=\"async\" width=\"1024\" height=\"768\" data-id=\"1600\" src=\"https:\/\/www.ecomusee-bresse71.fr\/contenu\/uploads\/2025\/06\/Photo-8-bis-1024x768.jpg\" alt=\"\" class=\"wp-image-1600\"\/><\/a><\/figure>\n<\/figure>\n\n\n\n<h2 class=\"wp-block-heading\">Offres de stage \/ apprentissage<\/h2>\n\n\n\n<p>T\u00e9l\u00e9chargez notre offre ou revenez plus tard s\u2019il n\u2019y a pas de poste vacant.<\/p>\n\n\n\n<h2 class=\"wp-block-heading\">Offres d\u2019emploi<\/h2>\n\n\n\n<p>D\u00e9couvrez nos opportunit\u00e9s en t\u00e9l\u00e9chargeant notre offre, ou restez \u00e0 l&#8217;aff\u00fbt pour de prochaines annonces.<\/p>\n\n\n\n<p>La commune de Romenay propose <strong>un contrat saisonnier<\/strong> pour l&#8217;ouverture 2026 de la<a href=\"https:\/\/www.ecomusee-bresse71.fr\/en\/musees-et-sites\/ferme-du-champ-bressan-romenay\/\"> Ferme du Champ Bressan<\/a>. Contrat CDD de 6 mois, du 21 mai au 28 septembre 2026 (24\/semaine). Tous les d\u00e9tails du contrat et des missions dans l&#8217;annonce de poste visible <a href=\"https:\/\/www.ecomusee-bresse71.fr\/contenu\/uploads\/2026\/04\/Annonce-de-poste-2026-saisonnier-Musee-Romenay.pdf\">ici<\/a>.<\/p>\n\n\n\n<p><a href=\"https:\/\/www.ecomusee-bresse71.fr\/contenu\/uploads\/2026\/04\/Annonce-de-poste-2026-saisonnier-Musee-Romenay.pdf\">Voir l&#8217;annonce de poste <\/a><\/p>\n\n\n\n<h2 class=\"wp-block-heading\">Candidature spontan\u00e9e<\/h2>\n\n\n\n<p>Vous avez envie de tenter votre chance ? Envoyez-nous votre candidature !<\/p>\n\n\n\n<p>\u00c0 bient\u00f4t peut-\u00eatre dans notre \u00e9quipe !<\/p>\n","protected":false},"excerpt":{"rendered":"<p>L\u2019\u00c9comus\u00e9e de la Bresse bourguignonne, c\u2019est un savant m\u00e9lange entre tradition et innovation, o\u00f9 patrimoine et modernit\u00e9 se rencontrent. Si [&hellip;]<\/p>\n","protected":false},"author":7,"featured_media":0,"parent":896,"menu_order":4,"comment_status":"closed","ping_status":"closed","template":"","meta":{"_acf_changed":false,"footnotes":"[]"},"class_list":["post-893","page","type-page","status-publish","hentry"],"acf":[],"yoast_head":"<!-- This site is optimized with the Yoast SEO plugin v24.3 - https:\/\/yoast.com\/wordpress\/plugins\/seo\/ -->\n<title>Ecomus\u00e9e de la Bresse Bourguignonne | Emplois et stages<\/title>\n<meta name=\"description\" content=\"Retrouvez les offres d&#039;emplois et de stages pour l&#039;Ecomus\u00e9e de la Bresse Bourguignonne. Candidatez et rejoignez-nous d\u00e8s maintenant.\" \/>\n<meta name=\"robots\" content=\"index, follow, max-snippet:-1, max-image-preview:large, max-video-preview:-1\" \/>\n<link rel=\"canonical\" href=\"https:\/\/www.ecomusee-bresse71.fr\/en\/ecomusee\/offres-emplois-stage-ecomusee-71\/\" \/>\n<meta property=\"og:locale\" content=\"en_US\" \/>\n<meta property=\"og:type\" content=\"article\" \/>\n<meta property=\"og:title\" content=\"Ecomus\u00e9e de la Bresse Bourguignonne | Emplois et stages\" \/>\n<meta property=\"og:description\" content=\"Retrouvez les offres d&#039;emplois et de stages pour l&#039;Ecomus\u00e9e de la Bresse Bourguignonne. Candidatez et rejoignez-nous d\u00e8s maintenant.\" \/>\n<meta property=\"og:url\" content=\"https:\/\/www.ecomusee-bresse71.fr\/en\/ecomusee\/offres-emplois-stage-ecomusee-71\/\" \/>\n<meta property=\"og:site_name\" content=\"Ecomus\u00e9e de la Bresse Bourguignonne\" \/>\n<meta property=\"article:modified_time\" content=\"2026-04-01T11:59:12+00:00\" \/>\n<meta property=\"og:image\" content=\"https:\/\/www.ecomusee-bresse71.fr\/contenu\/uploads\/2025\/06\/Photo-8-scaled.jpg\" \/>\n\t<meta property=\"og:image:width\" content=\"1920\" \/>\n\t<meta property=\"og:image:height\" content=\"2560\" \/>\n\t<meta property=\"og:image:type\" content=\"image\/jpeg\" \/>\n<meta name=\"twitter:card\" content=\"summary_large_image\" \/>\n<meta name=\"twitter:label1\" content=\"Est. reading time\" \/>\n\t<meta name=\"twitter:data1\" content=\"1 minute\" \/>\n<script type=\"application\/ld+json\" class=\"yoast-schema-graph\">{\"@context\":\"https:\/\/schema.org\",\"@graph\":[{\"@type\":\"WebPage\",\"@id\":\"https:\/\/www.ecomusee-bresse71.fr\/en\/ecomusee\/offres-emplois-stage-ecomusee-71\/\",\"url\":\"https:\/\/www.ecomusee-bresse71.fr\/en\/ecomusee\/offres-emplois-stage-ecomusee-71\/\",\"name\":\"Ecomus\u00e9e de la Bresse Bourguignonne | Emplois et stages\",\"isPartOf\":{\"@id\":\"https:\/\/www.ecomusee-bresse71.fr\/en\/#website\"},\"primaryImageOfPage\":{\"@id\":\"https:\/\/www.ecomusee-bresse71.fr\/en\/ecomusee\/offres-emplois-stage-ecomusee-71\/#primaryimage\"},\"image\":{\"@id\":\"https:\/\/www.ecomusee-bresse71.fr\/en\/ecomusee\/offres-emplois-stage-ecomusee-71\/#primaryimage\"},\"thumbnailUrl\":\"https:\/\/www.ecomusee-bresse71.fr\/contenu\/uploads\/2025\/06\/Photo-8-768x1024.jpg\",\"datePublished\":\"2025-02-04T10:04:09+00:00\",\"dateModified\":\"2026-04-01T11:59:12+00:00\",\"description\":\"Retrouvez les offres d'emplois et de stages pour l'Ecomus\u00e9e de la Bresse Bourguignonne. Candidatez et rejoignez-nous d\u00e8s maintenant.\",\"breadcrumb\":{\"@id\":\"https:\/\/www.ecomusee-bresse71.fr\/en\/ecomusee\/offres-emplois-stage-ecomusee-71\/#breadcrumb\"},\"inLanguage\":\"en-US\",\"potentialAction\":[{\"@type\":\"ReadAction\",\"target\":[\"https:\/\/www.ecomusee-bresse71.fr\/en\/ecomusee\/offres-emplois-stage-ecomusee-71\/\"]}]},{\"@type\":\"ImageObject\",\"inLanguage\":\"en-US\",\"@id\":\"https:\/\/www.ecomusee-bresse71.fr\/en\/ecomusee\/offres-emplois-stage-ecomusee-71\/#primaryimage\",\"url\":\"https:\/\/www.ecomusee-bresse71.fr\/contenu\/uploads\/2025\/06\/Photo-8-768x1024.jpg\",\"contentUrl\":\"https:\/\/www.ecomusee-bresse71.fr\/contenu\/uploads\/2025\/06\/Photo-8-768x1024.jpg\"},{\"@type\":\"BreadcrumbList\",\"@id\":\"https:\/\/www.ecomusee-bresse71.fr\/en\/ecomusee\/offres-emplois-stage-ecomusee-71\/#breadcrumb\",\"itemListElement\":[{\"@type\":\"ListItem\",\"position\":1,\"name\":\"Home\",\"item\":\"https:\/\/www.ecomusee-bresse71.fr\/en\/\"},{\"@type\":\"ListItem\",\"position\":2,\"name\":\"Qui sommes-nous ?\",\"item\":\"https:\/\/www.ecomusee-bresse71.fr\/en\/ecomusee\/\"},{\"@type\":\"ListItem\",\"position\":3,\"name\":\"Emploi et stages\"}]},{\"@type\":\"WebSite\",\"@id\":\"https:\/\/www.ecomusee-bresse71.fr\/en\/#website\",\"url\":\"https:\/\/www.ecomusee-bresse71.fr\/en\/\",\"name\":\"Ecomus\u00e9e de la Bresse Bourguignonne\",\"description\":\"\",\"potentialAction\":[{\"@type\":\"SearchAction\",\"target\":{\"@type\":\"EntryPoint\",\"urlTemplate\":\"https:\/\/www.ecomusee-bresse71.fr\/en\/?s={search_term_string}\"},\"query-input\":{\"@type\":\"PropertyValueSpecification\",\"valueRequired\":true,\"valueName\":\"search_term_string\"}}],\"inLanguage\":\"en-US\"}]}<\/script>\n<!-- \/ Yoast SEO plugin. -->","yoast_head_json":{"title":"Ecomus\u00e9e de la Bresse Bourguignonne | Emplois et stages","description":"Retrouvez les offres d'emplois et de stages pour l'Ecomus\u00e9e de la Bresse Bourguignonne. Candidatez et rejoignez-nous d\u00e8s maintenant.","robots":{"index":"index","follow":"follow","max-snippet":"max-snippet:-1","max-image-preview":"max-image-preview:large","max-video-preview":"max-video-preview:-1"},"canonical":"https:\/\/www.ecomusee-bresse71.fr\/en\/ecomusee\/offres-emplois-stage-ecomusee-71\/","og_locale":"en_US","og_type":"article","og_title":"Ecomus\u00e9e de la Bresse Bourguignonne | Emplois et stages","og_description":"Retrouvez les offres d'emplois et de stages pour l'Ecomus\u00e9e de la Bresse Bourguignonne. Candidatez et rejoignez-nous d\u00e8s maintenant.","og_url":"https:\/\/www.ecomusee-bresse71.fr\/en\/ecomusee\/offres-emplois-stage-ecomusee-71\/","og_site_name":"Ecomus\u00e9e de la Bresse Bourguignonne","article_modified_time":"2026-04-01T11:59:12+00:00","og_image":[{"width":1920,"height":2560,"url":"https:\/\/www.ecomusee-bresse71.fr\/contenu\/uploads\/2025\/06\/Photo-8-scaled.jpg","type":"image\/jpeg"}],"twitter_card":"summary_large_image","twitter_misc":{"Est. reading time":"1 minute"},"schema":{"@context":"https:\/\/schema.org","@graph":[{"@type":"WebPage","@id":"https:\/\/www.ecomusee-bresse71.fr\/en\/ecomusee\/offres-emplois-stage-ecomusee-71\/","url":"https:\/\/www.ecomusee-bresse71.fr\/en\/ecomusee\/offres-emplois-stage-ecomusee-71\/","name":"Ecomus\u00e9e de la Bresse Bourguignonne | Emplois et stages","isPartOf":{"@id":"https:\/\/www.ecomusee-bresse71.fr\/en\/#website"},"primaryImageOfPage":{"@id":"https:\/\/www.ecomusee-bresse71.fr\/en\/ecomusee\/offres-emplois-stage-ecomusee-71\/#primaryimage"},"image":{"@id":"https:\/\/www.ecomusee-bresse71.fr\/en\/ecomusee\/offres-emplois-stage-ecomusee-71\/#primaryimage"},"thumbnailUrl":"https:\/\/www.ecomusee-bresse71.fr\/contenu\/uploads\/2025\/06\/Photo-8-768x1024.jpg","datePublished":"2025-02-04T10:04:09+00:00","dateModified":"2026-04-01T11:59:12+00:00","description":"Retrouvez les offres d'emplois et de stages pour l'Ecomus\u00e9e de la Bresse Bourguignonne. Candidatez et rejoignez-nous d\u00e8s maintenant.","breadcrumb":{"@id":"https:\/\/www.ecomusee-bresse71.fr\/en\/ecomusee\/offres-emplois-stage-ecomusee-71\/#breadcrumb"},"inLanguage":"en-US","potentialAction":[{"@type":"ReadAction","target":["https:\/\/www.ecomusee-bresse71.fr\/en\/ecomusee\/offres-emplois-stage-ecomusee-71\/"]}]},{"@type":"ImageObject","inLanguage":"en-US","@id":"https:\/\/www.ecomusee-bresse71.fr\/en\/ecomusee\/offres-emplois-stage-ecomusee-71\/#primaryimage","url":"https:\/\/www.ecomusee-bresse71.fr\/contenu\/uploads\/2025\/06\/Photo-8-768x1024.jpg","contentUrl":"https:\/\/www.ecomusee-bresse71.fr\/contenu\/uploads\/2025\/06\/Photo-8-768x1024.jpg"},{"@type":"BreadcrumbList","@id":"https:\/\/www.ecomusee-bresse71.fr\/en\/ecomusee\/offres-emplois-stage-ecomusee-71\/#breadcrumb","itemListElement":[{"@type":"ListItem","position":1,"name":"Home","item":"https:\/\/www.ecomusee-bresse71.fr\/en\/"},{"@type":"ListItem","position":2,"name":"Qui sommes-nous ?","item":"https:\/\/www.ecomusee-bresse71.fr\/en\/ecomusee\/"},{"@type":"ListItem","position":3,"name":"Emploi et stages"}]},{"@type":"WebSite","@id":"https:\/\/www.ecomusee-bresse71.fr\/en\/#website","url":"https:\/\/www.ecomusee-bresse71.fr\/en\/","name":"Ecomus\u00e9e de la Bresse Bourguignonne","description":"","potentialAction":[{"@type":"SearchAction","target":{"@type":"EntryPoint","urlTemplate":"https:\/\/www.ecomusee-bresse71.fr\/en\/?s={search_term_string}"},"query-input":{"@type":"PropertyValueSpecification","valueRequired":true,"valueName":"search_term_string"}}],"inLanguage":"en-US"}]}},"_links":{"self":[{"href":"https:\/\/www.ecomusee-bresse71.fr\/en\/wp-json\/wp\/v2\/pages\/893"}],"collection":[{"href":"https:\/\/www.ecomusee-bresse71.fr\/en\/wp-json\/wp\/v2\/pages"}],"about":[{"href":"https:\/\/www.ecomusee-bresse71.fr\/en\/wp-json\/wp\/v2\/types\/page"}],"author":[{"embeddable":true,"href":"https:\/\/www.ecomusee-bresse71.fr\/en\/wp-json\/wp\/v2\/users\/7"}],"replies":[{"embeddable":true,"href":"https:\/\/www.ecomusee-bresse71.fr\/en\/wp-json\/wp\/v2\/comments?post=893"}],"version-history":[{"count":2,"href":"https:\/\/www.ecomusee-bresse71.fr\/en\/wp-json\/wp\/v2\/pages\/893\/revisions"}],"predecessor-version":[{"id":5446,"href":"https:\/\/www.ecomusee-bresse71.fr\/en\/wp-json\/wp\/v2\/pages\/893\/revisions\/5446"}],"up":[{"embeddable":true,"href":"https:\/\/www.ecomusee-bresse71.fr\/en\/wp-json\/wp\/v2\/pages\/896"}],"wp:attachment":[{"href":"https:\/\/www.ecomusee-bresse71.fr\/en\/wp-json\/wp\/v2\/media?parent=893"}],"curies":[{"name":"wp","href":"https:\/\/api.w.org\/{rel}","templated":true}]}}

<p><strong>L’Écomusée de la <a href="https://www.ecomusee-bresse71.fr/en/ecomusee/bresse-jura-bourgogne-saone-71/">Bresse bourguignonne</a></strong>, c’est un savant mélange entre tradition et <strong>innovation</strong>, où <strong>patrimoine </strong>et <strong>modernité </strong>se rencontrent. Si vous êtes curieux, passionné et prêt à intégrer une <strong>équipe dynamique</strong>, vous êtes au bon endroit !</p>



<figure class="wp-block-gallery has-nested-images columns-default is-cropped wp-block-gallery-1 is-layout-flex wp-block-gallery-is-layout-flex">
<figure class="wp-block-image size-large"><a href="https://www.ecomusee-bresse71.fr/contenu/uploads/2025/06/Photo-8-scaled.jpg"><img loading="lazy" decoding="async" width="768" height="1024" data-id="1598" src="https://www.ecomusee-bresse71.fr/contenu/uploads/2025/06/Photo-8-768x1024.jpg" alt="" class="wp-image-1598"/></a></figure>



<figure class="wp-block-image size-large"><a href="https://www.ecomusee-bresse71.fr/contenu/uploads/2025/06/Photo-8-bis-scaled.jpg"><img loading="lazy" decoding="async" width="1024" height="768" data-id="1600" src="https://www.ecomusee-bresse71.fr/contenu/uploads/2025/06/Photo-8-bis-1024x768.jpg" alt="" class="wp-image-1600"/></a></figure>
</figure>



<h2 class="wp-block-heading">Offres de stage / apprentissage</h2>



<p>Téléchargez notre offre ou revenez plus tard s’il n’y a pas de poste vacant.</p>



<h2 class="wp-block-heading">Offres d’emploi</h2>



<p>Découvrez nos opportunités en téléchargeant notre offre, ou restez à l&#8217;affût pour de prochaines annonces.</p>



<p>La commune de Romenay propose <strong>un contrat saisonnier</strong> pour l&#8217;ouverture 2026 de la<a href="https://www.ecomusee-bresse71.fr/en/musees-et-sites/ferme-du-champ-bressan-romenay/"> Ferme du Champ Bressan</a>. Contrat CDD de 6 mois, du 21 mai au 28 septembre 2026 (24/semaine). Tous les détails du contrat et des missions dans l&#8217;annonce de poste visible <a href="https://www.ecomusee-bresse71.fr/contenu/uploads/2026/04/Annonce-de-poste-2026-saisonnier-Musee-Romenay.pdf">ici</a>.</p>



<p><a href="https://www.ecomusee-bresse71.fr/contenu/uploads/2026/04/Annonce-de-poste-2026-saisonnier-Musee-Romenay.pdf">Voir l&#8217;annonce de poste </a></p>



<h2 class="wp-block-heading">Candidature spontanée</h2>



<p>Vous avez envie de tenter votre chance ? Envoyez-nous votre candidature !</p>



<p>À bientôt peut-être dans notre équipe !</p>

<p>L’Écomusée de la Bresse bourguignonne, c’est un savant mélange entre tradition et innovation, où patrimoine et modernité se rencontrent. Si [&hellip;]</p>

<!-- This site is optimized with the Yoast SEO plugin v24.3 - https://yoast.com/wordpress/plugins/seo/ -->
<title>Ecomusée de la Bresse Bourguignonne | Emplois et stages</title>
<meta name="description" content="Retrouvez les offres d&#039;emplois et de stages pour l&#039;Ecomusée de la Bresse Bourguignonne. Candidatez et rejoignez-nous dès maintenant." />
<meta name="robots" content="index, follow, max-snippet:-1, max-image-preview:large, max-video-preview:-1" />
<link rel="canonical" href="https://www.ecomusee-bresse71.fr/en/ecomusee/offres-emplois-stage-ecomusee-71/" />
<meta property="og:locale" content="en_US" />
<meta property="og:type" content="article" />
<meta property="og:title" content="Ecomusée de la Bresse Bourguignonne | Emplois et stages" />
<meta property="og:description" content="Retrouvez les offres d&#039;emplois et de stages pour l&#039;Ecomusée de la Bresse Bourguignonne. Candidatez et rejoignez-nous dès maintenant." />
<meta property="og:url" content="https://www.ecomusee-bresse71.fr/en/ecomusee/offres-emplois-stage-ecomusee-71/" />
<meta property="og:site_name" content="Ecomusée de la Bresse Bourguignonne" />
<meta property="article:modified_time" content="2026-04-01T11:59:12+00:00" />
<meta property="og:image" content="https://www.ecomusee-bresse71.fr/contenu/uploads/2025/06/Photo-8-scaled.jpg" />
	<meta property="og:image:width" content="1920" />
	<meta property="og:image:height" content="2560" />
	<meta property="og:image:type" content="image/jpeg" />
<meta name="twitter:card" content="summary_large_image" />
<meta name="twitter:label1" content="Est. reading time" />
	<meta name="twitter:data1" content="1 minute" />
<script type="application/ld+json" class="yoast-schema-graph">{"@context":"https://schema.org","@graph":[{"@type":"WebPage","@id":"https://www.ecomusee-bresse71.fr/en/ecomusee/offres-emplois-stage-ecomusee-71/","url":"https://www.ecomusee-bresse71.fr/en/ecomusee/offres-emplois-stage-ecomusee-71/","name":"Ecomusée de la Bresse Bourguignonne | Emplois et stages","isPartOf":{"@id":"https://www.ecomusee-bresse71.fr/en/#website"},"primaryImageOfPage":{"@id":"https://www.ecomusee-bresse71.fr/en/ecomusee/offres-emplois-stage-ecomusee-71/#primaryimage"},"image":{"@id":"https://www.ecomusee-bresse71.fr/en/ecomusee/offres-emplois-stage-ecomusee-71/#primaryimage"},"thumbnailUrl":"https://www.ecomusee-bresse71.fr/contenu/uploads/2025/06/Photo-8-768x1024.jpg","datePublished":"2025-02-04T10:04:09+00:00","dateModified":"2026-04-01T11:59:12+00:00","description":"Retrouvez les offres d'emplois et de stages pour l'Ecomusée de la Bresse Bourguignonne. Candidatez et rejoignez-nous dès maintenant.","breadcrumb":{"@id":"https://www.ecomusee-bresse71.fr/en/ecomusee/offres-emplois-stage-ecomusee-71/#breadcrumb"},"inLanguage":"en-US","potentialAction":[{"@type":"ReadAction","target":["https://www.ecomusee-bresse71.fr/en/ecomusee/offres-emplois-stage-ecomusee-71/"]}]},{"@type":"ImageObject","inLanguage":"en-US","@id":"https://www.ecomusee-bresse71.fr/en/ecomusee/offres-emplois-stage-ecomusee-71/#primaryimage","url":"https://www.ecomusee-bresse71.fr/contenu/uploads/2025/06/Photo-8-768x1024.jpg","contentUrl":"https://www.ecomusee-bresse71.fr/contenu/uploads/2025/06/Photo-8-768x1024.jpg"},{"@type":"BreadcrumbList","@id":"https://www.ecomusee-bresse71.fr/en/ecomusee/offres-emplois-stage-ecomusee-71/#breadcrumb","itemListElement":[{"@type":"ListItem","position":1,"name":"Home","item":"https://www.ecomusee-bresse71.fr/en/"},{"@type":"ListItem","position":2,"name":"Qui sommes-nous ?","item":"https://www.ecomusee-bresse71.fr/en/ecomusee/"},{"@type":"ListItem","position":3,"name":"Emploi et stages"}]},{"@type":"WebSite","@id":"https://www.ecomusee-bresse71.fr/en/#website","url":"https://www.ecomusee-bresse71.fr/en/","name":"Ecomusée de la Bresse Bourguignonne","description":"","potentialAction":[{"@type":"SearchAction","target":{"@type":"EntryPoint","urlTemplate":"https://www.ecomusee-bresse71.fr/en/?s={search_term_string}"},"query-input":{"@type":"PropertyValueSpecification","valueRequired":true,"valueName":"search_term_string"}}],"inLanguage":"en-US"}]}</script>
<!-- / Yoast SEO plugin. -->

Ecomusée de la Bresse Bourguignonne | Emplois et stages

Retrouvez les offres d'emplois et de stages pour l'Ecomusée de la Bresse Bourguignonne. Candidatez et rejoignez-nous dès maintenant.

Ecomusée de la Bresse Bourguignonne
