{"id":906,"date":"2025-02-04T11:04:09","date_gmt":"2025-02-04T10:04:09","guid":{"rendered":"https:\/\/www.ecomusee-bresse71.fr\/musees-et-sites\/tuilerie-varennes-saint-sauveur-71\/"},"modified":"2026-03-31T11:51:01","modified_gmt":"2026-03-31T09:51:01","slug":"tuilerie-varennes-saint-sauveur-71","status":"publish","type":"page","link":"https:\/\/www.ecomusee-bresse71.fr\/en\/musees-et-sites\/tuilerie-varennes-saint-sauveur-71\/","title":{"rendered":"La Tuilerie"},"content":{"rendered":"\n<p>T\u00e9moin privil\u00e9gi\u00e9 de l\u2019architecture pr\u00e9industrielle en\u00a0<strong>Bresse<\/strong>, <strong>la\u00a0tuilerie\u00a0<\/strong>est aujourd\u2019hui r\u00e9habilit\u00e9e et se transforme en<strong> salle de r\u00e9ception<\/strong>. Situ\u00e9e au c\u0153ur de la<strong>\u00a0Bresse bourguignonne<\/strong>, l\u2019association \u00ab<strong>\u00a0<a href=\"https:\/\/www.varennes-saint-sauveur.fr\/les-associations.htm\">Les Amis de la Tuilerie<\/a><\/strong>\u00a0\u00bb vous accueille pour des <strong>\u00e9v\u00e8nements <\/strong>et pour vos <strong>r\u00e9ceptions <\/strong>dans un lieu de m\u00e9moire unique, class\u00e9 au titre des\u00a0Monuments Historiques\u00a0et symbole d\u2019un<strong>\u00a0savoir-faire traditionnel.<\/strong> <\/p>\n\n\n\n<figure class=\"wp-block-gallery has-nested-images columns-default is-cropped wp-block-gallery-1 is-layout-flex wp-block-gallery-is-layout-flex\">\n<figure class=\"wp-block-image size-large\"><a href=\"https:\/\/www.ecomusee-bresse71.fr\/contenu\/uploads\/2025\/06\/Photo-23.jpg\"><img loading=\"lazy\" decoding=\"async\" width=\"1024\" height=\"681\" data-id=\"1689\" src=\"https:\/\/www.ecomusee-bresse71.fr\/contenu\/uploads\/2025\/06\/Photo-23-1024x681.jpg\" alt=\"\" class=\"wp-image-1689\"\/><\/a><\/figure>\n\n\n\n<figure class=\"wp-block-image size-large\"><a href=\"https:\/\/www.ecomusee-bresse71.fr\/contenu\/uploads\/2025\/06\/Photo-22.jpg\"><img loading=\"lazy\" decoding=\"async\" width=\"1024\" height=\"681\" data-id=\"1691\" src=\"https:\/\/www.ecomusee-bresse71.fr\/contenu\/uploads\/2025\/06\/Photo-22-1024x681.jpg\" alt=\"\" class=\"wp-image-1691\"\/><\/a><\/figure>\n<\/figure>\n\n\n\n<p>Retrouvez toutes les informations sur la location de la tuilerie sur <a href=\"https:\/\/www.varennes-saint-sauveur.fr\/locations.htm\" target=\"_blank\" rel=\"noreferrer noopener\"><strong>le site de la commune de Varennes-Saint-Sauveur.<\/strong><\/a><\/p>\n\n\n\n<h2 class=\"wp-block-heading\">D\u00e9couvrez toutes nos offres<\/h2>\n\n\n\n<ul class=\"wp-block-list\">\n<li>D\u00e9couvrir tous les \u00e9v\u00e9nements organis\u00e9s par les Amis de la Tuilerie :<a href=\"https:\/\/www.ecomusee-bresse71.fr\/events\/event\/\"><strong> acc\u00e9dez \u00e0 l\u2019agenda<\/strong><\/a><\/li>\n<\/ul>\n\n\n\n<p><\/p>\n","protected":false},"excerpt":{"rendered":"<p>T\u00e9moin privil\u00e9gi\u00e9 de l\u2019architecture pr\u00e9industrielle en\u00a0Bresse, la\u00a0tuilerie\u00a0est aujourd\u2019hui r\u00e9habilit\u00e9e et se transforme en salle de r\u00e9ception. Situ\u00e9e au c\u0153ur de [&hellip;]<\/p>\n","protected":false},"author":7,"featured_media":0,"parent":890,"menu_order":11,"comment_status":"closed","ping_status":"closed","template":"","meta":{"_acf_changed":false,"footnotes":""},"class_list":["post-906","page","type-page","status-publish","hentry"],"acf":[],"yoast_head":"<!-- This site is optimized with the Yoast SEO plugin v24.3 - https:\/\/yoast.com\/wordpress\/plugins\/seo\/ -->\n<title>Ecomus\u00e9e de la Bresse | La Tuilerie \u00e0 Varennes-Saint-Sauveur<\/title>\n<meta name=\"description\" content=\"La Tuilerie \u00e0 Varennes-Saint-Sauveur, un patrimoine vivant au coeur de la Bresse, \u00e0 d\u00e9couvrir avec l&#039;Ecomus\u00e9e de la Bresse Bourguignonne.\" \/>\n<meta name=\"robots\" content=\"index, follow, max-snippet:-1, max-image-preview:large, max-video-preview:-1\" \/>\n<link rel=\"canonical\" href=\"https:\/\/www.ecomusee-bresse71.fr\/en\/musees-et-sites\/tuilerie-varennes-saint-sauveur-71\/\" \/>\n<meta property=\"og:locale\" content=\"en_US\" \/>\n<meta property=\"og:type\" content=\"article\" \/>\n<meta property=\"og:title\" content=\"Ecomus\u00e9e de la Bresse | La Tuilerie \u00e0 Varennes-Saint-Sauveur\" \/>\n<meta property=\"og:description\" content=\"La Tuilerie \u00e0 Varennes-Saint-Sauveur, un patrimoine vivant au coeur de la Bresse, \u00e0 d\u00e9couvrir avec l&#039;Ecomus\u00e9e de la Bresse Bourguignonne.\" \/>\n<meta property=\"og:url\" content=\"https:\/\/www.ecomusee-bresse71.fr\/en\/musees-et-sites\/tuilerie-varennes-saint-sauveur-71\/\" \/>\n<meta property=\"og:site_name\" content=\"Ecomus\u00e9e de la Bresse Bourguignonne\" \/>\n<meta property=\"article:modified_time\" content=\"2026-03-31T09:51:01+00:00\" \/>\n<meta property=\"og:image\" content=\"https:\/\/www.ecomusee-bresse71.fr\/contenu\/uploads\/2025\/06\/Photo-23.jpg\" \/>\n\t<meta property=\"og:image:width\" content=\"1154\" \/>\n\t<meta property=\"og:image:height\" content=\"768\" \/>\n\t<meta property=\"og:image:type\" content=\"image\/jpeg\" \/>\n<meta name=\"twitter:card\" content=\"summary_large_image\" \/>\n<meta name=\"twitter:label1\" content=\"Est. reading time\" \/>\n\t<meta name=\"twitter:data1\" content=\"1 minute\" \/>\n<script type=\"application\/ld+json\" class=\"yoast-schema-graph\">{\"@context\":\"https:\/\/schema.org\",\"@graph\":[{\"@type\":\"WebPage\",\"@id\":\"https:\/\/www.ecomusee-bresse71.fr\/en\/musees-et-sites\/tuilerie-varennes-saint-sauveur-71\/\",\"url\":\"https:\/\/www.ecomusee-bresse71.fr\/en\/musees-et-sites\/tuilerie-varennes-saint-sauveur-71\/\",\"name\":\"Ecomus\u00e9e de la Bresse | La Tuilerie \u00e0 Varennes-Saint-Sauveur\",\"isPartOf\":{\"@id\":\"https:\/\/www.ecomusee-bresse71.fr\/en\/#website\"},\"primaryImageOfPage\":{\"@id\":\"https:\/\/www.ecomusee-bresse71.fr\/en\/musees-et-sites\/tuilerie-varennes-saint-sauveur-71\/#primaryimage\"},\"image\":{\"@id\":\"https:\/\/www.ecomusee-bresse71.fr\/en\/musees-et-sites\/tuilerie-varennes-saint-sauveur-71\/#primaryimage\"},\"thumbnailUrl\":\"https:\/\/www.ecomusee-bresse71.fr\/contenu\/uploads\/2025\/06\/Photo-23-1024x681.jpg\",\"datePublished\":\"2025-02-04T10:04:09+00:00\",\"dateModified\":\"2026-03-31T09:51:01+00:00\",\"description\":\"La Tuilerie \u00e0 Varennes-Saint-Sauveur, un patrimoine vivant au coeur de la Bresse, \u00e0 d\u00e9couvrir avec l'Ecomus\u00e9e de la Bresse Bourguignonne.\",\"breadcrumb\":{\"@id\":\"https:\/\/www.ecomusee-bresse71.fr\/en\/musees-et-sites\/tuilerie-varennes-saint-sauveur-71\/#breadcrumb\"},\"inLanguage\":\"en-US\",\"potentialAction\":[{\"@type\":\"ReadAction\",\"target\":[\"https:\/\/www.ecomusee-bresse71.fr\/en\/musees-et-sites\/tuilerie-varennes-saint-sauveur-71\/\"]}]},{\"@type\":\"ImageObject\",\"inLanguage\":\"en-US\",\"@id\":\"https:\/\/www.ecomusee-bresse71.fr\/en\/musees-et-sites\/tuilerie-varennes-saint-sauveur-71\/#primaryimage\",\"url\":\"https:\/\/www.ecomusee-bresse71.fr\/contenu\/uploads\/2025\/06\/Photo-23-1024x681.jpg\",\"contentUrl\":\"https:\/\/www.ecomusee-bresse71.fr\/contenu\/uploads\/2025\/06\/Photo-23-1024x681.jpg\"},{\"@type\":\"BreadcrumbList\",\"@id\":\"https:\/\/www.ecomusee-bresse71.fr\/en\/musees-et-sites\/tuilerie-varennes-saint-sauveur-71\/#breadcrumb\",\"itemListElement\":[{\"@type\":\"ListItem\",\"position\":1,\"name\":\"Home\",\"item\":\"https:\/\/www.ecomusee-bresse71.fr\/en\/\"},{\"@type\":\"ListItem\",\"position\":2,\"name\":\"Mus\u00e9es et sites\",\"item\":\"https:\/\/www.ecomusee-bresse71.fr\/en\/musees-et-sites\/\"},{\"@type\":\"ListItem\",\"position\":3,\"name\":\"La Tuilerie\"}]},{\"@type\":\"WebSite\",\"@id\":\"https:\/\/www.ecomusee-bresse71.fr\/en\/#website\",\"url\":\"https:\/\/www.ecomusee-bresse71.fr\/en\/\",\"name\":\"Ecomus\u00e9e de la Bresse Bourguignonne\",\"description\":\"\",\"potentialAction\":[{\"@type\":\"SearchAction\",\"target\":{\"@type\":\"EntryPoint\",\"urlTemplate\":\"https:\/\/www.ecomusee-bresse71.fr\/en\/?s={search_term_string}\"},\"query-input\":{\"@type\":\"PropertyValueSpecification\",\"valueRequired\":true,\"valueName\":\"search_term_string\"}}],\"inLanguage\":\"en-US\"}]}<\/script>\n<!-- \/ Yoast SEO plugin. -->","yoast_head_json":{"title":"Ecomus\u00e9e de la Bresse | La Tuilerie \u00e0 Varennes-Saint-Sauveur","description":"La Tuilerie \u00e0 Varennes-Saint-Sauveur, un patrimoine vivant au coeur de la Bresse, \u00e0 d\u00e9couvrir avec l'Ecomus\u00e9e de la Bresse Bourguignonne.","robots":{"index":"index","follow":"follow","max-snippet":"max-snippet:-1","max-image-preview":"max-image-preview:large","max-video-preview":"max-video-preview:-1"},"canonical":"https:\/\/www.ecomusee-bresse71.fr\/en\/musees-et-sites\/tuilerie-varennes-saint-sauveur-71\/","og_locale":"en_US","og_type":"article","og_title":"Ecomus\u00e9e de la Bresse | La Tuilerie \u00e0 Varennes-Saint-Sauveur","og_description":"La Tuilerie \u00e0 Varennes-Saint-Sauveur, un patrimoine vivant au coeur de la Bresse, \u00e0 d\u00e9couvrir avec l'Ecomus\u00e9e de la Bresse Bourguignonne.","og_url":"https:\/\/www.ecomusee-bresse71.fr\/en\/musees-et-sites\/tuilerie-varennes-saint-sauveur-71\/","og_site_name":"Ecomus\u00e9e de la Bresse Bourguignonne","article_modified_time":"2026-03-31T09:51:01+00:00","og_image":[{"width":1154,"height":768,"url":"https:\/\/www.ecomusee-bresse71.fr\/contenu\/uploads\/2025\/06\/Photo-23.jpg","type":"image\/jpeg"}],"twitter_card":"summary_large_image","twitter_misc":{"Est. reading time":"1 minute"},"schema":{"@context":"https:\/\/schema.org","@graph":[{"@type":"WebPage","@id":"https:\/\/www.ecomusee-bresse71.fr\/en\/musees-et-sites\/tuilerie-varennes-saint-sauveur-71\/","url":"https:\/\/www.ecomusee-bresse71.fr\/en\/musees-et-sites\/tuilerie-varennes-saint-sauveur-71\/","name":"Ecomus\u00e9e de la Bresse | La Tuilerie \u00e0 Varennes-Saint-Sauveur","isPartOf":{"@id":"https:\/\/www.ecomusee-bresse71.fr\/en\/#website"},"primaryImageOfPage":{"@id":"https:\/\/www.ecomusee-bresse71.fr\/en\/musees-et-sites\/tuilerie-varennes-saint-sauveur-71\/#primaryimage"},"image":{"@id":"https:\/\/www.ecomusee-bresse71.fr\/en\/musees-et-sites\/tuilerie-varennes-saint-sauveur-71\/#primaryimage"},"thumbnailUrl":"https:\/\/www.ecomusee-bresse71.fr\/contenu\/uploads\/2025\/06\/Photo-23-1024x681.jpg","datePublished":"2025-02-04T10:04:09+00:00","dateModified":"2026-03-31T09:51:01+00:00","description":"La Tuilerie \u00e0 Varennes-Saint-Sauveur, un patrimoine vivant au coeur de la Bresse, \u00e0 d\u00e9couvrir avec l'Ecomus\u00e9e de la Bresse Bourguignonne.","breadcrumb":{"@id":"https:\/\/www.ecomusee-bresse71.fr\/en\/musees-et-sites\/tuilerie-varennes-saint-sauveur-71\/#breadcrumb"},"inLanguage":"en-US","potentialAction":[{"@type":"ReadAction","target":["https:\/\/www.ecomusee-bresse71.fr\/en\/musees-et-sites\/tuilerie-varennes-saint-sauveur-71\/"]}]},{"@type":"ImageObject","inLanguage":"en-US","@id":"https:\/\/www.ecomusee-bresse71.fr\/en\/musees-et-sites\/tuilerie-varennes-saint-sauveur-71\/#primaryimage","url":"https:\/\/www.ecomusee-bresse71.fr\/contenu\/uploads\/2025\/06\/Photo-23-1024x681.jpg","contentUrl":"https:\/\/www.ecomusee-bresse71.fr\/contenu\/uploads\/2025\/06\/Photo-23-1024x681.jpg"},{"@type":"BreadcrumbList","@id":"https:\/\/www.ecomusee-bresse71.fr\/en\/musees-et-sites\/tuilerie-varennes-saint-sauveur-71\/#breadcrumb","itemListElement":[{"@type":"ListItem","position":1,"name":"Home","item":"https:\/\/www.ecomusee-bresse71.fr\/en\/"},{"@type":"ListItem","position":2,"name":"Mus\u00e9es et sites","item":"https:\/\/www.ecomusee-bresse71.fr\/en\/musees-et-sites\/"},{"@type":"ListItem","position":3,"name":"La Tuilerie"}]},{"@type":"WebSite","@id":"https:\/\/www.ecomusee-bresse71.fr\/en\/#website","url":"https:\/\/www.ecomusee-bresse71.fr\/en\/","name":"Ecomus\u00e9e de la Bresse Bourguignonne","description":"","potentialAction":[{"@type":"SearchAction","target":{"@type":"EntryPoint","urlTemplate":"https:\/\/www.ecomusee-bresse71.fr\/en\/?s={search_term_string}"},"query-input":{"@type":"PropertyValueSpecification","valueRequired":true,"valueName":"search_term_string"}}],"inLanguage":"en-US"}]}},"_links":{"self":[{"href":"https:\/\/www.ecomusee-bresse71.fr\/en\/wp-json\/wp\/v2\/pages\/906"}],"collection":[{"href":"https:\/\/www.ecomusee-bresse71.fr\/en\/wp-json\/wp\/v2\/pages"}],"about":[{"href":"https:\/\/www.ecomusee-bresse71.fr\/en\/wp-json\/wp\/v2\/types\/page"}],"author":[{"embeddable":true,"href":"https:\/\/www.ecomusee-bresse71.fr\/en\/wp-json\/wp\/v2\/users\/7"}],"replies":[{"embeddable":true,"href":"https:\/\/www.ecomusee-bresse71.fr\/en\/wp-json\/wp\/v2\/comments?post=906"}],"version-history":[{"count":2,"href":"https:\/\/www.ecomusee-bresse71.fr\/en\/wp-json\/wp\/v2\/pages\/906\/revisions"}],"predecessor-version":[{"id":5381,"href":"https:\/\/www.ecomusee-bresse71.fr\/en\/wp-json\/wp\/v2\/pages\/906\/revisions\/5381"}],"up":[{"embeddable":true,"href":"https:\/\/www.ecomusee-bresse71.fr\/en\/wp-json\/wp\/v2\/pages\/890"}],"wp:attachment":[{"href":"https:\/\/www.ecomusee-bresse71.fr\/en\/wp-json\/wp\/v2\/media?parent=906"}],"curies":[{"name":"wp","href":"https:\/\/api.w.org\/{rel}","templated":true}]}}

<p>Témoin privilégié de l’architecture préindustrielle en <strong>Bresse</strong>, <strong>la tuilerie </strong>est aujourd’hui réhabilitée et se transforme en<strong> salle de réception</strong>. Située au cœur de la<strong> Bresse bourguignonne</strong>, l’association «<strong> <a href="https://www.varennes-saint-sauveur.fr/les-associations.htm">Les Amis de la Tuilerie</a></strong> » vous accueille pour des <strong>évènements </strong>et pour vos <strong>réceptions </strong>dans un lieu de mémoire unique, classé au titre des Monuments Historiques et symbole d’un<strong> savoir-faire traditionnel.</strong> </p>



<figure class="wp-block-gallery has-nested-images columns-default is-cropped wp-block-gallery-1 is-layout-flex wp-block-gallery-is-layout-flex">
<figure class="wp-block-image size-large"><a href="https://www.ecomusee-bresse71.fr/contenu/uploads/2025/06/Photo-23.jpg"><img loading="lazy" decoding="async" width="1024" height="681" data-id="1689" src="https://www.ecomusee-bresse71.fr/contenu/uploads/2025/06/Photo-23-1024x681.jpg" alt="" class="wp-image-1689"/></a></figure>



<figure class="wp-block-image size-large"><a href="https://www.ecomusee-bresse71.fr/contenu/uploads/2025/06/Photo-22.jpg"><img loading="lazy" decoding="async" width="1024" height="681" data-id="1691" src="https://www.ecomusee-bresse71.fr/contenu/uploads/2025/06/Photo-22-1024x681.jpg" alt="" class="wp-image-1691"/></a></figure>
</figure>



<p>Retrouvez toutes les informations sur la location de la tuilerie sur <a href="https://www.varennes-saint-sauveur.fr/locations.htm" target="_blank" rel="noreferrer noopener"><strong>le site de la commune de Varennes-Saint-Sauveur.</strong></a></p>



<h2 class="wp-block-heading">Découvrez toutes nos offres</h2>



<ul class="wp-block-list">
<li>Découvrir tous les événements organisés par les Amis de la Tuilerie :<a href="https://www.ecomusee-bresse71.fr/events/event/"><strong> accédez à l’agenda</strong></a></li>
</ul>



<p></p>

<p>Témoin privilégié de l’architecture préindustrielle en Bresse, la tuilerie est aujourd’hui réhabilitée et se transforme en salle de réception. Située au cœur de [&hellip;]</p>

<!-- This site is optimized with the Yoast SEO plugin v24.3 - https://yoast.com/wordpress/plugins/seo/ -->
<title>Ecomusée de la Bresse | La Tuilerie à Varennes-Saint-Sauveur</title>
<meta name="description" content="La Tuilerie à Varennes-Saint-Sauveur, un patrimoine vivant au coeur de la Bresse, à découvrir avec l&#039;Ecomusée de la Bresse Bourguignonne." />
<meta name="robots" content="index, follow, max-snippet:-1, max-image-preview:large, max-video-preview:-1" />
<link rel="canonical" href="https://www.ecomusee-bresse71.fr/en/musees-et-sites/tuilerie-varennes-saint-sauveur-71/" />
<meta property="og:locale" content="en_US" />
<meta property="og:type" content="article" />
<meta property="og:title" content="Ecomusée de la Bresse | La Tuilerie à Varennes-Saint-Sauveur" />
<meta property="og:description" content="La Tuilerie à Varennes-Saint-Sauveur, un patrimoine vivant au coeur de la Bresse, à découvrir avec l&#039;Ecomusée de la Bresse Bourguignonne." />
<meta property="og:url" content="https://www.ecomusee-bresse71.fr/en/musees-et-sites/tuilerie-varennes-saint-sauveur-71/" />
<meta property="og:site_name" content="Ecomusée de la Bresse Bourguignonne" />
<meta property="article:modified_time" content="2026-03-31T09:51:01+00:00" />
<meta property="og:image" content="https://www.ecomusee-bresse71.fr/contenu/uploads/2025/06/Photo-23.jpg" />
	<meta property="og:image:width" content="1154" />
	<meta property="og:image:height" content="768" />
	<meta property="og:image:type" content="image/jpeg" />
<meta name="twitter:card" content="summary_large_image" />
<meta name="twitter:label1" content="Est. reading time" />
	<meta name="twitter:data1" content="1 minute" />
<script type="application/ld+json" class="yoast-schema-graph">{"@context":"https://schema.org","@graph":[{"@type":"WebPage","@id":"https://www.ecomusee-bresse71.fr/en/musees-et-sites/tuilerie-varennes-saint-sauveur-71/","url":"https://www.ecomusee-bresse71.fr/en/musees-et-sites/tuilerie-varennes-saint-sauveur-71/","name":"Ecomusée de la Bresse | La Tuilerie à Varennes-Saint-Sauveur","isPartOf":{"@id":"https://www.ecomusee-bresse71.fr/en/#website"},"primaryImageOfPage":{"@id":"https://www.ecomusee-bresse71.fr/en/musees-et-sites/tuilerie-varennes-saint-sauveur-71/#primaryimage"},"image":{"@id":"https://www.ecomusee-bresse71.fr/en/musees-et-sites/tuilerie-varennes-saint-sauveur-71/#primaryimage"},"thumbnailUrl":"https://www.ecomusee-bresse71.fr/contenu/uploads/2025/06/Photo-23-1024x681.jpg","datePublished":"2025-02-04T10:04:09+00:00","dateModified":"2026-03-31T09:51:01+00:00","description":"La Tuilerie à Varennes-Saint-Sauveur, un patrimoine vivant au coeur de la Bresse, à découvrir avec l'Ecomusée de la Bresse Bourguignonne.","breadcrumb":{"@id":"https://www.ecomusee-bresse71.fr/en/musees-et-sites/tuilerie-varennes-saint-sauveur-71/#breadcrumb"},"inLanguage":"en-US","potentialAction":[{"@type":"ReadAction","target":["https://www.ecomusee-bresse71.fr/en/musees-et-sites/tuilerie-varennes-saint-sauveur-71/"]}]},{"@type":"ImageObject","inLanguage":"en-US","@id":"https://www.ecomusee-bresse71.fr/en/musees-et-sites/tuilerie-varennes-saint-sauveur-71/#primaryimage","url":"https://www.ecomusee-bresse71.fr/contenu/uploads/2025/06/Photo-23-1024x681.jpg","contentUrl":"https://www.ecomusee-bresse71.fr/contenu/uploads/2025/06/Photo-23-1024x681.jpg"},{"@type":"BreadcrumbList","@id":"https://www.ecomusee-bresse71.fr/en/musees-et-sites/tuilerie-varennes-saint-sauveur-71/#breadcrumb","itemListElement":[{"@type":"ListItem","position":1,"name":"Home","item":"https://www.ecomusee-bresse71.fr/en/"},{"@type":"ListItem","position":2,"name":"Musées et sites","item":"https://www.ecomusee-bresse71.fr/en/musees-et-sites/"},{"@type":"ListItem","position":3,"name":"La Tuilerie"}]},{"@type":"WebSite","@id":"https://www.ecomusee-bresse71.fr/en/#website","url":"https://www.ecomusee-bresse71.fr/en/","name":"Ecomusée de la Bresse Bourguignonne","description":"","potentialAction":[{"@type":"SearchAction","target":{"@type":"EntryPoint","urlTemplate":"https://www.ecomusee-bresse71.fr/en/?s={search_term_string}"},"query-input":{"@type":"PropertyValueSpecification","valueRequired":true,"valueName":"search_term_string"}}],"inLanguage":"en-US"}]}</script>
<!-- / Yoast SEO plugin. -->

Ecomusée de la Bresse | La Tuilerie à Varennes-Saint-Sauveur

La Tuilerie à Varennes-Saint-Sauveur, un patrimoine vivant au coeur de la Bresse, à découvrir avec l'Ecomusée de la Bresse Bourguignonne.

Ecomusée de la Bresse Bourguignonne

Musées et sites
